2)/(-50)). Suppose 4*h = -2*i - 4, -3 + 0 = -3*i - 3*h. What is the remainder when (-4)/(((-32)/r)/4) is divided by i?
1
Let k(s) = s**3 - 5*s**2 - 4. Suppose 4*g = -5*u + 17, -1 - 3 = -2*u - 3*g. Let o be k(u). Calculate the remainder when 12 is divided by o + -6*(-9)/6.
2
What is the remainder when 731 is divided by ((-1050)/15 + 9/3)*-1?
61
Let f = -863 + 950. What is the remainder when f is divided by 3?
0
Let p(l) = -3*l**2 - 29*l - 3. What is the remainder when 19 is divided by p(-9)?
4
Let a = 259 - 148. Calculate the remainder when a is divided by 20.
11
Let m(z) = 9*z + 1. Suppose -5 = 2*l + w, 13 + 5 = -3*l - 5*w. Calculate the remainder when 1 - -3 - (-31 + l) is divided by m(1).
6
Let t(o) = 5*o + 3. Let r(c) = -10*c - 6. Let w(n) = 3*r(n) + 5*t(n). Calculate the remainder when (-94)/((-1)/(-3) + 49/(-21)) is divided by w(-3).
11
Suppose 22*w = -128 + 480. What is the remainder when 17 is divided by w?
1
Let x(z) = -22*z + 2. Let p be x(-4). Suppose 2*g = -g + p. Let v = g - 15. What is the remainder when 59 is divided by v?
14
Suppose 55*u - 58*u = k - 19, 2*u + 5*k - 30 = 0. Suppose 0 = 3*p + p + 5*n - 24, -5*p - 11 = -4*n. What is the remainder when u is divided by p?
0
Let q = -4 + 30. Calculate the remainder when 117 is divided by q.
13
Suppose 0 = -4*n - 2*n + 120. Suppose -5*a - 5*y + 108 = -2*a, 0 = 4*a - 2*y - 144. What is the remainder when a is divided by n?
16
Let v(g) = -3*g + 16. Let z(n) = -103*n - 2. Let o be z(-1). Suppose -2*k + o = -165. What is the remainder when k is divided by v(-6)?
31
Let m = -44 + 52. Let t = -53 - -29. Let o = 46 + t. Calculate the remainder when o is divided by m.
6
Let g = -6 - -19. Suppose -14*n = -g*n - 111. Calculate the remainder when n is divided by 23.
19
Let v(y) = -y**3 + 6*y**2 + 2*y + 2. Let b be v(6). Suppose -78 = b*q - 16*q. Calculate the remainder when q is divided by 7.
4
Suppose 314*m = 323*m - 117. What is the remainder when 165 is divided by m?
9
Let h(w) = 33*w - 160. What is the remainder when 40 is divided by h(6)?
2
Let p = 429 + -405. Calculate the remainder when (141/6)/(2/4) is divided by p.
23
Let g be (-4 - -1) + (-12)/2. Let c = g - -15. Calculate the remainder when c is divided by (2 - -1)/((-6)/(-8)).
2
Let x(a) = -a**3 + 14*a**2 - 6*a. Let r be x(12). Suppose 0 = -4*f - 5*z + 294, z - 5 = 3*f - r. What is the remainder when f is divided by 12?
11
Calculate the remainder when 228 is divided by (-14)/8*(4 - 16).
18
Let l = -4 + 10. Let h(g) = 3*g - 5. Suppose -3*i = -3*j, 2*i = 2*j + j - 5. Calculate the remainder when h(l) is divided by i.
3
Let w(v) = 4*v + 307. Suppose -4*i + g + 105 = 0, -2*g = 2*i - 5*g - 55. What is the remainder when w(-25) is divided by i?
25
Suppose 1184 = 11*a + 381. Let l = -60 + a. Calculate the remainder when l is divided by (2/3)/(2/15).
3
Suppose -1 + 11 = -2*t. Let h = -15 - t. Let n = 20 - h. Calculate the remainder when 87 is divided by n.
27
Let f(d) = 17*d**2 + 3*d + 1. Let w = 21 + 22. Calculate the remainder when w is divided by f(-1).
13
Suppose u - 8 = 3*d, 7*u - 4*u - 4*d = 34. What is the remainder when 557 is divided by u?
11
Suppose d + 2*k = -2*d + 206, -d + 47 = 5*k. What is the remainder when d is divided by 41?
31
Let o be (0 - 2) + (-3)/(-6)*14. Suppose -v - 2*v = 0. Suppose 2*k - 3*u - 47 = v, o*k - 2*u - 125 = 3*u. What is the remainder when k is divided by 15?
13
Let k = 298 + -296. What is the remainder when (10/3)/(10/15) is divided by k?
1
Let x(w) = -2*w + 26. Let v be x(13). Suppose v = -n + 13 - 0. Calculate the remainder when n is divided by 9.
4
Let x be (26 - 20)*(-1)/3. What is the remainder when 6 is divided by -3 + (1 + x - -8)?
2
Suppose -3*r = -0*r. Suppose -5*d + r*d = -50. What is the remainder when 38 is divided by d?
8
Let v(r) = -2*r**3 + 5*r**2 + 19*r + 1. What is the remainder when v(-3) is divided by 2?
1
Suppose 72 = 3*o - 135. Let j = 24 + o. What is the remainder when j is divided by 25?
18
Suppose -6*d - 182 = -554. Calculate the remainder when 243 is divided by d.
57
Suppose 2*i - 4*i + 10 = 0. Suppose 41 = 4*s + i*f - 120, -4*f + 199 = 5*s. What is the remainder when s is divided by 50*1*(28/20 - 1)?
19
Let k = -2409 - -2605. What is the remainder when k is divided by 30?
16
Suppose 14 = -6*z + 254. Calculate the remainder when z is divided by 9.
4
Suppose -5*o + 5*w + 126 + 564 = 0, -5 = w. Calculate the remainder when o is divided by 43.
4
Suppose -4*i + 2*k + 2*k = 28, -2*i - 9 = -k. Calculate the remainder when (1/i)/((-4)/464) is divided by 16.
10
Suppose 0 = 8*o + 1038 - 3670. What is the remainder when o is divided by 55?
54
Let j = 44 - 22. Let h = 82 - j. Calculate the remainder when h is divided by 21.
18
Let p be 4/(4/3) + 180. Let o = p + -130. What is the remainder when o is divided by 28?
25
Suppose -3*f = -5*f + 2. Let y(w) = -6*w + 61. Calculate the remainder when y(10) is divided by f.
0
Let o = -13 + 13. Suppose -2*b + 28 = 5*j, 5*b + 35 = 5*j - o*j. Calculate the remainder when 13*2 - (-3)/(-1) is divided by j.
5
Let i(n) = -4*n + 3. Let o be i(3). What is the remainder when -36*1/o*3 is divided by 9?
3
What is the remainder when (-379)/(-6) - (4 - 23/6) is divided by 17?
12
Let n = 236 - 231. Suppose -29 = 4*v + 75. Let f = 44 + v. Calculate the remainder when f is divided by n.
3
Suppose -2*o + d = -154, 18*d - 19*d - 4 = 0. Calculate the remainder when o is divided by 11.
9
Suppose 0 = 5*v - 54 - 66. What is the remainder when v is divided by 147/9*(-27)/63*-2?
10
Suppose -154 = -6*g + 284. What is the remainder when g is divided by 9?
1
Let h = -38 - -34. Let y(d) = 14*d + 10. Let c(k) = -1. Let p(r) = -6*c(r) - y(r). What is the remainder when p(h) is divided by 18?
16
Calculate the remainder when 38 is divided by (-1881)/(-76) - (2/2)/(-4).
13
Suppose 0 = 2*i - 4*i + 40. Suppose -15*x = -22*x + 756. Suppose d + 4*d + 2*v = 284, 2*d - 2*v - x = 0. Calculate the remainder when d is divided by i.
16
Suppose -5*h = 49*i - 45*i - 86, 2*h + 4*i = 32. Let r(o) = -o**2 + o + 68. Calculate the remainder when r(0) is divided by h.
14
Suppose 305 = 3*k + 74. Let i be 2*(-348)/40*-5. Let u = i - 61. What is the remainder when k is divided by u?
25
Suppose -2*j - j + s = -27, -2*s = 2*j - 18. Let d be (1 - 3 - 1) + -29. Calculate the remainder when 190/8 + (-8)/d is divided by j.
6
Let n be (-605)/(-20) - (-1)/(-4). Suppose -o = -b - 11, -n = -5*o + 3*o + 4*b. What is the remainder when o is divided by 5?
2
Suppose 4*h - 4*g - 1416 = 0, -12*g - 1794 = -5*h - 15*g. What is the remainder when h is divided by 36?
33
Suppose 0*f - 6*f = -78. Suppose -7 - f = -5*z. Let b = 5 - 1. What is the remainder when b is divided by z?
0
Let a(i) be the first derivative of -i**3/3 + 9*i**2/2 - 6*i - 2. Suppose -j + 5*s + 4 = -7, 0 = -2*s - 2. Calculate the remainder when j is divided by a(8).
0
Suppose -8*i = -11*i + 3*u + 117, 5*u = -3*i + 117. Calculate the remainder when 86 is divided by i.
8
Suppose 305*y + 5*s + 23 = 309*y, 3*s = 3*y - 21. Let w = 26 - -5. Calculate the remainder when w is divided by y.
7
Let l = 1225 - 612. Calculate the remainder when l is divided by 14.
11
Suppose -3*v + 336 = 5*p, 5*p = p + 5*v + 291. Let x = p + 122. Suppose 5*o - x = -21. Calculate the remainder when o is divided by 18.
16
Let x = -10 - -15. Calculate the remainder when 0/x + -1 + 77 is divided by 20.
16
What is the remainder when 66 is divided by 6/15*((-10150)/(-20))/7?
8
Let q(f) = -f - 2. Let n be q(2). Suppose -5*t + 37 + 8 = 0. Calculate the remainder when (-322)/(-10) + n/20 is divided by t.
5
Let b = 268 - 110. Suppose 35*v + 233 = 108*v - 2103. Calculate the remainder when b is divided by v.
30
Suppose -2*i - 4 = 0, 0 = -4*u + 2*u - 2*i + 50. Let q = 38 - u. Suppose 5 = 4*k - q. What is the remainder when 5 is divided by k?
1
Let b = -392 - -477. Calculate the remainder when 508 is divided by b.
83
Suppose -3*x = 4*c - 0*x - 228, c - 46 = 2*x. What is the remainder when c is divided by 192/14 - 3/(-63)*6?
12
Let p be (-15)/(-2)*(4 - 20). What is the remainder when 4/(-6) - 26/(-3) is divided by p/(-55) + (-2)/11?
0
Let w(i) = 0*i - 4 + i**2 - 2 + 2 + 7*i. Let r be (-15)/2*6/5. Calculate the remainder when 83 is divided by w(r).
13
Let d = 17 + -10. Suppose 2*c = d + 3. Suppos